{"id":39,"date":"2018-06-06T17:11:47","date_gmt":"2018-06-06T15:11:47","guid":{"rendered":"http:\/\/unemainposee.fr\/?page_id=39"},"modified":"2021-03-05T15:13:32","modified_gmt":"2021-03-05T14:13:32","slug":"le-bien-etre-en-entreprise","status":"publish","type":"page","link":"https:\/\/unemainposee.fr\/index.php\/le-bien-etre-en-entreprise\/","title":{"rendered":"Bien-\u00eatre en entreprise#"},"content":{"rendered":"<div class='avia-image-container  av-styling-   avia-align-left '  itemscope=\"itemscope\" itemtype=\"https:\/\/schema.org\/ImageObject\"  ><div class='avia-image-container-inner'><img class='avia_image ' src='https:\/\/unemainposee.fr\/wp-content\/uploads\/2018\/08\/titre_entreprise.png' alt='' title='titre_entreprise'   itemprop=\"contentURL\"  \/><\/div><\/div>\n<div style='height:30px' class='hr hr-invisible '><span class='hr-inner ' ><span class='hr-inner-style'><\/span><\/span><\/div>\n<div class='flex_column_table av-equal-height-column-flextable' ><div class=\"flex_column av_three_fifth  flex_column_table_cell av-equal-height-column av-align-top av-zero-column-padding first  \" style='border-radius:0px; '><p><section class=\"av_textblock_section\"  itemscope=\"itemscope\" itemtype=\"https:\/\/schema.org\/CreativeWork\" ><div class='avia_textblock '   itemprop=\"text\" ><p><span style=\"font-family: verdana, geneva, sans-serif;\">Parce que le<\/span><strong><span style=\"font-family: verdana, geneva, sans-serif;\"> bien-\u00eatre <\/span><\/strong><span style=\"font-family: verdana, geneva, sans-serif;\">a aussi sa place<\/span><strong><span style=\"font-family: verdana, geneva, sans-serif;\"> en entreprise <\/span><\/strong><span style=\"font-family: verdana, geneva, sans-serif;\">et que la<\/span><strong><span style=\"font-family: verdana, geneva, sans-serif;\"> gestion du stress <\/span><\/strong><span style=\"font-family: verdana, geneva, sans-serif;\">est au c\u0153ur des pr\u00e9occupations actuelles, je propose \u00e9galement des\u00a0<\/span><span style=\"font-family: verdana, geneva, sans-serif;\">interventions \u00e0 destination <strong>des<\/strong> <\/span><strong><span style=\"font-family: verdana, geneva, sans-serif;\">salari\u00e9s.<\/span><\/strong><\/p>\n<\/div><\/section><br \/>\n<div style=' margin-top:30px; margin-bottom:30px;'  class='hr hr-custom hr-center hr-icon-yes '><span class='hr-inner   inner-border-av-border-thin' style=' width:50px; border-color:#7c8d6f;' ><span class='hr-inner-style'><\/span><\/span><span class='av-seperator-icon' style='color:#7c8d6f;' aria-hidden='true' data-av_icon='\ue855' data-av_iconfont='entypo-fontello'><\/span><span class='hr-inner   inner-border-av-border-thin' style=' width:50px; border-color:#7c8d6f;' ><span class='hr-inner-style'><\/span><\/span><\/div><br \/>\n<section class=\"av_textblock_section\"  itemscope=\"itemscope\" itemtype=\"https:\/\/schema.org\/CreativeWork\" ><div class='avia_textblock '   itemprop=\"text\" ><p><span style=\"font-family: verdana, geneva, sans-serif;\">Selon les besoins et votre cahier des charges, je peux mettre en place:<\/span><\/p>\n<\/div><\/section><br \/>\n<div style='height:30px' class='hr hr-invisible '><span class='hr-inner ' ><span class='hr-inner-style'><\/span><\/span><\/div><br \/>\n<section class=\"av_textblock_section\"  itemscope=\"itemscope\" itemtype=\"https:\/\/schema.org\/CreativeWork\" ><div class='avia_textblock '   itemprop=\"text\" ><h3><strong><span style=\"color: #1a4750; font-size: large;\">Les &#8220;Massages assis minute&#8221;:<\/span><\/strong><\/h3>\n<p><span style=\"font-family: verdana, geneva, sans-serif;\">Il s\u2019agit d\u2019un massage habill\u00e9 sur chaise ergonomique d\u2019une dur\u00e9e de 10 \u00e0 20 minutes.<\/span><\/p>\n<p><span style=\"font-family: verdana, geneva, sans-serif;\">Ce massage est \u00e0 la fois profond et tonique. Il permet \u00e0 la personne de se d\u00e9tendre sur un court moment et l\u2019effet dynamisant du massage fait qu\u2019il est compl\u00e8tement adapt\u00e9 au monde de l\u2019entreprise.<\/span><\/p>\n<p><span style=\"font-family: verdana, geneva, sans-serif;\">Il suffit d\u2019un petit espace pour le pratiquer et il s\u2019adapte \u00e0 tous les lieux de travail.<\/span><\/p>\n<\/div><\/section><br \/>\n<div style='height:30px' class='hr hr-invisible '><span class='hr-inner ' ><span class='hr-inner-style'><\/span><\/span><\/div><br \/>\n<section class=\"av_textblock_section\"  itemscope=\"itemscope\" itemtype=\"https:\/\/schema.org\/CreativeWork\" ><div class='avia_textblock '   itemprop=\"text\" ><h3><strong><span style=\"color: #1a4750; font-size: large;\">La Relaxin\u00e9sie\u00ae:<\/span><\/strong><\/h3>\n<p><span style=\"font-family: verdana, geneva, sans-serif;\">Ce massage, d\u2019une dur\u00e9e de 20 \u00e0 45 minutes se pratique habill\u00e9 (tenue souple), allong\u00e9 sur le sol ou sur une table de massage.<\/span><\/p>\n<p><span style=\"font-family: verdana, geneva, sans-serif;\">Par des mouvements du corps, des \u00e9tirements, des pressions, ce massage offre un vrai l\u00e2cher-prise. Le travail d&#8217;\u00e9tirement se cale sur le souffle avec une respiration abdominale et profonde, ce qui augmente l&#8217;\u00e9tat de relaxation. Id\u00e9al pour d\u00e9lier les tensions.\u00a0<\/span><\/p>\n<p><span style=\"font-family: verdana, geneva, sans-serif;\">Ce massage n\u00e9cessite un espace libre d\u2019environ 7 m\u00b2.<\/span><\/p>\n<\/div><\/section><br \/>\n<div style='height:30px' class='hr hr-invisible '><span class='hr-inner ' ><span class='hr-inner-style'><\/span><\/span><\/div><br \/>\n<section class=\"av_textblock_section\"  itemscope=\"itemscope\" itemtype=\"https:\/\/schema.org\/CreativeWork\" ><div class='avia_textblock '   itemprop=\"text\" ><h3><strong><span style=\"color: #1a4750; font-size: large;\">Des prestations &#8220;sur mesure&#8221;<\/span><span style=\"color: #1a4750; font-size: large;\">:<\/span><\/strong><\/h3>\n<p><span style=\"font-family: verdana, geneva, sans-serif;\">Selon les lieux, le temps et la disponibilit\u00e9 du personnel, je mets en place avec vous un axe de travail adapt\u00e9 aux besoins.<\/span><\/p>\n<\/div><\/section><br \/>\n<div style='height:30px' class='hr hr-invisible '><span class='hr-inner ' ><span class='hr-inner-style'><\/span><\/span><\/div><br \/>\n<section class=\"av_textblock_section\"  itemscope=\"itemscope\" itemtype=\"https:\/\/schema.org\/CreativeWork\" ><div class='avia_textblock '   itemprop=\"text\" ><h3><strong><span style=\"color: #1a4750; font-size: large;\">Des interventions via les Comit\u00e9s d&#8217;Entreprise<\/span><span style=\"color: #1a4750; font-size: large;\">:<\/span><\/strong><\/h3>\n<p><span style=\"font-family: verdana, geneva, sans-serif;\">Via le comit\u00e9 d\u2019entreprise, je propose des massages \u00e0 prix pr\u00e9f\u00e9rentiels au travers de &#8220;cartes entreprise&#8221; pour les salari\u00e9s. Des &#8220;cartes cadeaux&#8221; sont \u00e9galement possibles pour que\u00a0les salari\u00e9s puissent offrir des moments de d\u00e9tente \u00e0 leurs proches.<\/span><\/p>\n<p><img loading=\"lazy\" class=\"wp-image-398 size-full aligncenter\" src=\"http:\/\/unemainposee.fr\/wp-content\/uploads\/2018\/08\/cartes.png\" alt=\"\" width=\"322\" height=\"83\" srcset=\"https:\/\/unemainposee.fr\/wp-content\/uploads\/2018\/08\/cartes.png 322w, https:\/\/unemainposee.fr\/wp-content\/uploads\/2018\/08\/cartes-300x77.png 300w\" sizes=\"(max-width: 322px) 100vw, 322px\" \/><\/p>\n<\/div><\/section><\/p><\/div><div class='av-flex-placeholder'><\/div><div class=\"flex_column av_two_fifth  flex_column_table_cell av-equal-height-column av-align-top av-zero-column-padding   \" style='border-radius:0px; '><p><div class='avia-image-container  av-styling-   avia-align-center '  itemscope=\"itemscope\" itemtype=\"https:\/\/schema.org\/ImageObject\"  ><div class='avia-image-container-inner'><img class='avia_image ' src='https:\/\/unemainposee.fr\/wp-content\/uploads\/2018\/08\/entreprise.png' alt='' title='entreprise'   itemprop=\"contentURL\"  \/><\/div><\/div><br \/>\n<div style='height:50px' class='hr hr-invisible '><span class='hr-inner ' ><span class='hr-inner-style'><\/span><\/span><\/div><br \/>\n<section class=\"av_textblock_section\"  itemscope=\"itemscope\" itemtype=\"https:\/\/schema.org\/CreativeWork\" ><div class='avia_textblock '   itemprop=\"text\" ><h3><span style=\"color: #1a4750;\"><strong>Le plan de sant\u00e9 au travail 2016-2020 (PST 3) :<\/strong><\/span><\/h3>\n<p><span style=\"font-family: verdana, geneva, sans-serif;\">Ce troisi\u00e8me plan marque un infl\u00e9chissement majeur en faveur d\u2019une politique de pr\u00e9vention qui anticipe les risques professionnels et garantisse la bonne sant\u00e9 des salari\u00e9s plut\u00f4t que de s\u2019en tenir \u00e0 une vision exclusivement r\u00e9paratrice. Il prend aussi pleinement en compte la qualit\u00e9 de vie au travail.<\/span><\/p>\n<h3><span style=\"color: #1a4750;\"><strong>Le bien-\u00eatre au travail, c&#8217;est am\u00e9liorer la performance de l&#8217;entreprise :<\/strong><\/span><\/h3>\n<p><span style=\"font-family: verdana, geneva, sans-serif;\">D\u00e9velopper une conception de l&#8217;efficacit\u00e9 et de la performance qui soit soucieuse de la sant\u00e9 du salari\u00e9 et qui favorise sa motivation et son implication dans le travail.<\/span><\/p>\n<h3><span style=\"color: #1a4750;\"><strong>Les garanties de mes prestations :<\/strong><\/span><\/h3>\n<ul>\n<li><span style=\"font-family: verdana, geneva, sans-serif;\">Une action sur mesure\u00a0<\/span><\/li>\n<li><span style=\"font-family: verdana, geneva, sans-serif;\">Un devis adapt\u00e9 \u00e0 la prestation<\/span><\/li>\n<li><span style=\"font-family: verdana, geneva, sans-serif;\">Des interventions de qualit\u00e9<\/span><\/li>\n<li><span style=\"font-family: verdana, geneva, sans-serif;\">Discretion,\u00a0\u00e9thique et ponctualit\u00e9<\/span><\/li>\n<li><span style=\"font-family: verdana, geneva, sans-serif;\">Evaluation des b\u00e9n\u00e9fices de l&#8217;intervention<\/span><\/li>\n<\/ul>\n<\/div><\/section><br \/>\n<div style='height:10px' class='hr hr-invisible '><span class='hr-inner ' ><span class='hr-inner-style'><\/span><\/span><\/div><br \/>\n<section class=\"av_textblock_section\"  itemscope=\"itemscope\" itemtype=\"https:\/\/schema.org\/CreativeWork\" ><div class='avia_textblock '   itemprop=\"text\" ><p class=\"font_7\" style=\"text-align: center;\"><span style=\"font-family: verdana, geneva, sans-serif;\">Pour consulter les tarifs, cliquez !<\/span><\/p>\n<\/div><\/section><br \/>\n<div class='avia-button-wrap avia-button-center '><a href='https:\/\/unemainposee.fr\/index.php\/tarifs\/' class='avia-button  avia-icon_select-no avia-color-theme-color avia-size-medium avia-position-center '   ><span class='avia_iconbox_title' >Tarifs<\/span><\/a><\/div><\/p><\/div><\/div><!--close column table wrapper. Autoclose:  --><\/p>\n","protected":false},"excerpt":{"rendered":"","protected":false},"author":1,"featured_media":0,"parent":0,"menu_order":0,"comment_status":"closed","ping_status":"closed","template":"","meta":[],"_links":{"self":[{"href":"https:\/\/unemainposee.fr\/index.php\/wp-json\/wp\/v2\/pages\/39"}],"collection":[{"href":"https:\/\/unemainposee.fr\/index.php\/wp-json\/wp\/v2\/pages"}],"about":[{"href":"https:\/\/unemainposee.fr\/index.php\/wp-json\/wp\/v2\/types\/page"}],"author":[{"embeddable":true,"href":"https:\/\/unemainposee.fr\/index.php\/wp-json\/wp\/v2\/users\/1"}],"replies":[{"embeddable":true,"href":"https:\/\/unemainposee.fr\/index.php\/wp-json\/wp\/v2\/comments?post=39"}],"version-history":[{"count":27,"href":"https:\/\/unemainposee.fr\/index.php\/wp-json\/wp\/v2\/pages\/39\/revisions"}],"predecessor-version":[{"id":2185,"href":"https:\/\/unemainposee.fr\/index.php\/wp-json\/wp\/v2\/pages\/39\/revisions\/2185"}],"wp:attachment":[{"href":"https:\/\/unemainposee.fr\/index.php\/wp-json\/wp\/v2\/media?parent=39"}],"curies":[{"name":"wp","href":"https:\/\/api.w.org\/{rel}","templated":true}]}}

Bien-être en entreprise#

<div class='avia-image-container  av-styling-   avia-align-left '  itemscope="itemscope" itemtype="https://schema.org/ImageObject"  ><div class='avia-image-container-inner'><img class='avia_image ' src='https://unemainposee.fr/wp-content/uploads/2018/08/titre_entreprise.png' alt='' title='titre_entreprise'   itemprop="contentURL"  /></div></div>
<div style='height:30px' class='hr hr-invisible '><span class='hr-inner ' ><span class='hr-inner-style'></span></span></div>
<div class='flex_column_table av-equal-height-column-flextable' ><div class="flex_column av_three_fifth  flex_column_table_cell av-equal-height-column av-align-top av-zero-column-padding first  " style='border-radius:0px; '><p><section class="av_textblock_section"  itemscope="itemscope" itemtype="https://schema.org/CreativeWork" ><div class='avia_textblock '   itemprop="text" ><p><span style="font-family: verdana, geneva, sans-serif;">Parce que le</span><strong><span style="font-family: verdana, geneva, sans-serif;"> bien-être </span></strong><span style="font-family: verdana, geneva, sans-serif;">a aussi sa place</span><strong><span style="font-family: verdana, geneva, sans-serif;"> en entreprise </span></strong><span style="font-family: verdana, geneva, sans-serif;">et que la</span><strong><span style="font-family: verdana, geneva, sans-serif;"> gestion du stress </span></strong><span style="font-family: verdana, geneva, sans-serif;">est au cœur des préoccupations actuelles, je propose également des </span><span style="font-family: verdana, geneva, sans-serif;">interventions à destination <strong>des</strong> </span><strong><span style="font-family: verdana, geneva, sans-serif;">salariés.</span></strong></p>
</div></section><br />
<div style=' margin-top:30px; margin-bottom:30px;'  class='hr hr-custom hr-center hr-icon-yes '><span class='hr-inner   inner-border-av-border-thin' style=' width:50px; border-color:#7c8d6f;' ><span class='hr-inner-style'></span></span><span class='av-seperator-icon' style='color:#7c8d6f;' aria-hidden='true' data-av_icon='' data-av_iconfont='entypo-fontello'></span><span class='hr-inner   inner-border-av-border-thin' style=' width:50px; border-color:#7c8d6f;' ><span class='hr-inner-style'></span></span></div><br />
<section class="av_textblock_section"  itemscope="itemscope" itemtype="https://schema.org/CreativeWork" ><div class='avia_textblock '   itemprop="text" ><p><span style="font-family: verdana, geneva, sans-serif;">Selon les besoins et votre cahier des charges, je peux mettre en place:</span></p>
</div></section><br />
<div style='height:30px' class='hr hr-invisible '><span class='hr-inner ' ><span class='hr-inner-style'></span></span></div><br />
<section class="av_textblock_section"  itemscope="itemscope" itemtype="https://schema.org/CreativeWork" ><div class='avia_textblock '   itemprop="text" ><h3><strong><span style="color: #1a4750; font-size: large;">Les &#8220;Massages assis minute&#8221;:</span></strong></h3>
<p><span style="font-family: verdana, geneva, sans-serif;">Il s’agit d’un massage habillé sur chaise ergonomique d’une durée de 10 à 20 minutes.</span></p>
<p><span style="font-family: verdana, geneva, sans-serif;">Ce massage est à la fois profond et tonique. Il permet à la personne de se détendre sur un court moment et l’effet dynamisant du massage fait qu’il est complètement adapté au monde de l’entreprise.</span></p>
<p><span style="font-family: verdana, geneva, sans-serif;">Il suffit d’un petit espace pour le pratiquer et il s’adapte à tous les lieux de travail.</span></p>
</div></section><br />
<div style='height:30px' class='hr hr-invisible '><span class='hr-inner ' ><span class='hr-inner-style'></span></span></div><br />
<section class="av_textblock_section"  itemscope="itemscope" itemtype="https://schema.org/CreativeWork" ><div class='avia_textblock '   itemprop="text" ><h3><strong><span style="color: #1a4750; font-size: large;">La Relaxinésie®:</span></strong></h3>
<p><span style="font-family: verdana, geneva, sans-serif;">Ce massage, d’une durée de 20 à 45 minutes se pratique habillé (tenue souple), allongé sur le sol ou sur une table de massage.</span></p>
<p><span style="font-family: verdana, geneva, sans-serif;">Par des mouvements du corps, des étirements, des pressions, ce massage offre un vrai lâcher-prise. Le travail d&#8217;étirement se cale sur le souffle avec une respiration abdominale et profonde, ce qui augmente l&#8217;état de relaxation. Idéal pour délier les tensions. </span></p>
<p><span style="font-family: verdana, geneva, sans-serif;">Ce massage nécessite un espace libre d’environ 7 m².</span></p>
</div></section><br />
<div style='height:30px' class='hr hr-invisible '><span class='hr-inner ' ><span class='hr-inner-style'></span></span></div><br />
<section class="av_textblock_section"  itemscope="itemscope" itemtype="https://schema.org/CreativeWork" ><div class='avia_textblock '   itemprop="text" ><h3><strong><span style="color: #1a4750; font-size: large;">Des prestations &#8220;sur mesure&#8221;</span><span style="color: #1a4750; font-size: large;">:</span></strong></h3>
<p><span style="font-family: verdana, geneva, sans-serif;">Selon les lieux, le temps et la disponibilité du personnel, je mets en place avec vous un axe de travail adapté aux besoins.</span></p>
</div></section><br />
<div style='height:30px' class='hr hr-invisible '><span class='hr-inner ' ><span class='hr-inner-style'></span></span></div><br />
<section class="av_textblock_section"  itemscope="itemscope" itemtype="https://schema.org/CreativeWork" ><div class='avia_textblock '   itemprop="text" ><h3><strong><span style="color: #1a4750; font-size: large;">Des interventions via les Comités d&#8217;Entreprise</span><span style="color: #1a4750; font-size: large;">:</span></strong></h3>
<p><span style="font-family: verdana, geneva, sans-serif;">Via le comité d’entreprise, je propose des massages à prix préférentiels au travers de &#8220;cartes entreprise&#8221; pour les salariés. Des &#8220;cartes cadeaux&#8221; sont également possibles pour que les salariés puissent offrir des moments de détente à leurs proches.</span></p>
<p><img loading="lazy" class="wp-image-398 size-full aligncenter" src="http://unemainposee.fr/wp-content/uploads/2018/08/cartes.png" alt="" width="322" height="83" srcset="https://unemainposee.fr/wp-content/uploads/2018/08/cartes.png 322w, https://unemainposee.fr/wp-content/uploads/2018/08/cartes-300x77.png 300w" sizes="(max-width: 322px) 100vw, 322px" /></p>
</div></section></p></div><div class='av-flex-placeholder'></div><div class="flex_column av_two_fifth  flex_column_table_cell av-equal-height-column av-align-top av-zero-column-padding   " style='border-radius:0px; '><p><div class='avia-image-container  av-styling-   avia-align-center '  itemscope="itemscope" itemtype="https://schema.org/ImageObject"  ><div class='avia-image-container-inner'><img class='avia_image ' src='https://unemainposee.fr/wp-content/uploads/2018/08/entreprise.png' alt='' title='entreprise'   itemprop="contentURL"  /></div></div><br />
<div style='height:50px' class='hr hr-invisible '><span class='hr-inner ' ><span class='hr-inner-style'></span></span></div><br />
<section class="av_textblock_section"  itemscope="itemscope" itemtype="https://schema.org/CreativeWork" ><div class='avia_textblock '   itemprop="text" ><h3><span style="color: #1a4750;"><strong>Le plan de santé au travail 2016-2020 (PST 3) :</strong></span></h3>
<p><span style="font-family: verdana, geneva, sans-serif;">Ce troisième plan marque un infléchissement majeur en faveur d’une politique de prévention qui anticipe les risques professionnels et garantisse la bonne santé des salariés plutôt que de s’en tenir à une vision exclusivement réparatrice. Il prend aussi pleinement en compte la qualité de vie au travail.</span></p>
<h3><span style="color: #1a4750;"><strong>Le bien-être au travail, c&#8217;est améliorer la performance de l&#8217;entreprise :</strong></span></h3>
<p><span style="font-family: verdana, geneva, sans-serif;">Développer une conception de l&#8217;efficacité et de la performance qui soit soucieuse de la santé du salarié et qui favorise sa motivation et son implication dans le travail.</span></p>
<h3><span style="color: #1a4750;"><strong>Les garanties de mes prestations :</strong></span></h3>
<ul>
<li><span style="font-family: verdana, geneva, sans-serif;">Une action sur mesure </span></li>
<li><span style="font-family: verdana, geneva, sans-serif;">Un devis adapté à la prestation</span></li>
<li><span style="font-family: verdana, geneva, sans-serif;">Des interventions de qualité</span></li>
<li><span style="font-family: verdana, geneva, sans-serif;">Discretion, éthique et ponctualité</span></li>
<li><span style="font-family: verdana, geneva, sans-serif;">Evaluation des bénéfices de l&#8217;intervention</span></li>
</ul>
</div></section><br />
<div style='height:10px' class='hr hr-invisible '><span class='hr-inner ' ><span class='hr-inner-style'></span></span></div><br />
<section class="av_textblock_section"  itemscope="itemscope" itemtype="https://schema.org/CreativeWork" ><div class='avia_textblock '   itemprop="text" ><p class="font_7" style="text-align: center;"><span style="font-family: verdana, geneva, sans-serif;">Pour consulter les tarifs, cliquez !</span></p>
</div></section><br />
<div class='avia-button-wrap avia-button-center '><a href='https://unemainposee.fr/index.php/tarifs/' class='avia-button  avia-icon_select-no avia-color-theme-color avia-size-medium avia-position-center '   ><span class='avia_iconbox_title' >Tarifs</span></a></div></p></div></div><!--close column table wrapper. Autoclose:  --></p>
